Let c = p + 10. Suppose 0 = -4*j - 0*j - c*y + 47, 0 = -j + 4*y + 38. What is the tens digit of j?
1
What is the thousands digit of (-2)/(-3)*(-46578)/(-28)?
1
Suppose -3*f - 177 = -549. Suppose 2*p - 2*w + 26 - f = 0, 0 = 3*w + 9. What is the tens digit of p?
4
Suppose -4*a + 131 = -237. Suppose -8 = -4*z + a. Suppose -7*g = -2*g + 5*d - z, -d - 22 = -2*g. What is the units digit of g?
9
Let o be (-3)/(-6)*(-1 - -1). Let a = o - -3. Suppose 5*x = 12 + a. What is the units digit of x?
3
Let q = -48 + 22. Let z = 25 + q. What is the units digit of 1 + 335/5 + z?
7
Let p be 150*3/((-15)/(-2)). Let i = p + 183. What is the tens digit of i?
4
Let r(h) = -h**2 - 17*h + 21. Let g be r(-18). Suppose -331 + 979 = g*q. What is the units digit of q?
6
Let d = 14 + -14. Suppose d = -7*p + 15*p - 2304. What is the units digit of p?
8
Let g be 54/(3 - (-32)/(-12)). Suppose 5*f - g = -f. Suppose d + s = -3*d + 63, s = 2*d - f. What is the tens digit of d?
1
Let p(l) = -4*l**3 - 46*l**2 + 19*l + 30. What is the hundreds digit of p(-13)?
7
Let k(x) = -x**3 + 3*x**2 + 4*x + 3. Let o be k(-2). What is the tens digit of 2 - 32/o - 1234/(-30)?
4
Suppose -2*w + 3*t + 1 = 0, 3*t - 6 = -2*w + 13. Suppose -3*u - 2*d + 40 = 0, 0 = -u - 4*d + w + 15. What is the units digit of u?
2
Let g be (1 - 5) + 21 + 1. Let d = 23 - g. Suppose -4*t + 42 = d*n, 0*t - 6 = -n - 2*t. What is the units digit of n?
0
Let o be 14638/39 - (-4)/(-3). Suppose 5*i + o = 3*n, 5*n - i + 12 = 650. What is the hundreds digit of n?
1
Suppose 6*q - 508 = 1934. What is the hundreds digit of q?
4
Suppose 0 = -4*f - 0*f + 60. Let v(g) be the first derivative of g**3/3 - 13*g**2/2 - 12*g + 3. What is the tens digit of v(f)?
1
Suppose -10*d - 39 = -7*d. Let f = 28 + d. What is the units digit of f?
5
Let b(z) = 92*z - 573. What is the hundreds digit of b(12)?
5
Let x = 12286 + -7330. What is the units digit of x?
6
Let j be 16/4*(0 + 1). Suppose 0 = -j*i - 27 + 215. What is the tens digit of i?
4
Let l(x) be the third derivative of -x**6/12 - x**5/60 - x**4/24 - x**3/6 + 5*x**2. Let d be l(-1). What is the units digit of (-3)/d - (-76)/3?
5
Let s(h) = h**3 - 8*h**2 - 1. Let i be s(8). Let q be (-534)/(-15)*10/i. What is the tens digit of q/(-18) - 10/(-45)?
2
Let n = -31 + 86. Suppose -4*v - 5*p = -335, v - 2*p - n = 45. Suppose 3*b = v - 36. What is the units digit of b?
8
Let o(u) = -8*u**2 - u - 2. Let j be o(-1). Let l = j - -32. What is the tens digit of l?
2
Let l be ((-4)/(-6))/((-16)/(-120)). Let z(d) = 16*d**2 - 2*d + l*d**2 - 2 + 1 + 10*d**2. What is the units digit of z(-1)?
2
Let v(s) be the first derivative of s**6/360 + s**5/40 - s**4/6 + 2*s**3 - 4. Let x(r) be the third derivative of v(r). What is the units digit of x(-5)?
6
Suppose -1003 = b - 4017. What is the tens digit of b?
1
Suppose 4*q = 3*w - 2328, 17*w - 15*w + 4*q = 1572. What is the hundreds digit of w?
7
Let t(k) = k**2 - 6*k. Let m be t(6). Suppose 4*g - 136 + 28 = m. Suppose 3*q + 3*p - g - 72 = 0, 21 = q + 4*p. What is the units digit of q?
7
Suppose -11*x + 16*x = 25. Suppose -155 = -x*t - 4*m, -148 = -5*t - m - 8. Suppose -t = -4*p - 3. What is the units digit of p?
6
Let f = -58 - -8. What is the tens digit of 5*(-5)/(f/244)?
2
Let l(k) be the third derivative of k**5/20 + 5*k**4/12 + k**3/2 + 21*k**2. What is the hundreds digit of l(-8)?
1
Let l = 161 + -76. Let v = -37 + l. What is the tens digit of v?
4
Let r(d) = 4*d**2 - 46*d - 45. What is the tens digit of r(38)?
8
Suppose 14*u = 7073 + 20227. What is the units digit of u?
0
Let r(z) = 3*z**2 + z. Let l be r(-1). Suppose 17 = -5*x + l. What is the tens digit of (2/x)/((-6)/171)?
1
Let y(n) = n**3 - n**2 - 3*n + 4. Let q be y(4). Let b = q - 20. Suppose -c + 25 + b = 0. What is the units digit of c?
5
Let k = 21 + -26. What is the tens digit of ((-80)/5 - 3)*k?
9
Let s(p) = p**3 + 15*p**2 + 17*p + 18. Let b = 93 - 105. What is the hundreds digit of s(b)?
2
Let b = 8 - -56. Suppose 9*j - b - 224 = 0. What is the units digit of j?
2
Suppose 48 = 2*g - 4*o, 2*g + 0*o + o - 23 = 0. Suppose -2*u = h - 8, 4*u + 0*h + h = g. Suppose -7 = -p + u. What is the units digit of p?
0
Suppose -5*j = 2*t - 1430, -t - j = -2*j - 708. What is the units digit of t?
0
Let z(h) = -h**3 + 2*h**2 + 4*h + 1074. What is the hundreds digit of z(0)?
0
Let j(h) = 117*h**2 + 48*h + 204. What is the units digit of j(-5)?
9
Let d = 919 + 1264. What is the thousands digit of d?
2
Suppose -3*v + 7 + 2 = o, -5*o - 27 = -3*v. Suppose l = -l - 2*h + 216, 431 = v*l + 3*h. What is the units digit of l?
7
Let f = 2191 - 1249. Suppose 2*k + 4*k - f = 0. What is the units digit of k?
7
Let j(u) = -8*u + 2. Let o be j(1). Let y be 4/o + (-237)/9. Let v = 68 + y. What is the tens digit of v?
4
Let d(f) = f - 3. Let s be d(-4). Let z(r) = -3*r**2 + 7 - 3 + 5*r**2 - 1 + 2*r + 8*r. What is the tens digit of z(s)?
3
Let d(k) = -k**2 - 3*k - 3. Let i = 18 + -20. Let p be d(i). Let q = 6 + p. What is the units digit of q?
5
Suppose -524 = -3*i - 5*m, 0 = -3*i - 5*m + 2*m + 534. What is the units digit of i?
3
Let i(l) = 1397*l**3 - 2*l**2 + l. Let u be i(1). What is the hundreds digit of (-5)/(-10) + u/8?
1
Let h(r) = r - 6. Let j be h(6). Let k(d) = 3*d**2 + 24*d. Let z be k(-8). Suppose z = -j*p + 2*p - 14. What is the units digit of p?
7
Suppose 59*y + 920 = v + 63*y, y = -4*v + 3710. What is the tens digit of v?
2
What is the units digit of (-4)/(-6)*24225/10?
5
Suppose 4*q - 426 = -2*z, -429 = -8*z + 6*z - 3*q. Suppose 218*t = z*t - 334. What is the tens digit of t?
3
Let c = 2347 - -597. What is the thousands digit of c?
2
Let c be (-7)/(-2) + 10/20. Suppose i + 157 = 3*h, 0 = c*i - 3 - 5. Suppose 2*k - v = v + 26, 5*k = -v + h. What is the tens digit of k?
1
Suppose -960 = -18*s + 3126. What is the tens digit of s?
2
Let l = -76 - -85. Suppose l*b - 472 = 5*b. What is the units digit of b?
8
Suppose 3*z + 2*m + 1 - 3 = 0, -5*z + 5*m = 5. Suppose -4*s + 162 + 10 = z. What is the tens digit of s?
4
Suppose b + 2 = 28. Let s be -6*(-4)/((-24)/b). Let m = 1 - s. What is the tens digit of m?
2
Let c = -8 - -8. Suppose c = -4*a - 0*f + f - 17, 4*a - 3*f = -27. What is the units digit of (-84)/(-9) + a/9?
9
Suppose 17*o - 40*o + 114931 = 0. What is the thousands digit of o?
4
Let a(m) = 129*m**2 - 2*m - 4. What is the tens digit of a(4)?
5
Suppose -11*l - 676 - 501 = 0. What is the tens digit of 5 + -2 + -1 - l/1?
0
Let c(n) = n**3 + n**2 + 1. Let i be 1*-2 + (-4)/(-2). What is the units digit of c(i)?
1
Suppose -4*h - o = -2114, -4*h - 11*o + 2108 = -13*o. What is the hundreds digit of h?
5
Let t = 413 - -247. What is the tens digit of t?
6
Let k(f) be the third derivative of -f**6/120 + f**5/3 - 7*f**4/6 - 41*f**3/6 - 36*f**2. What is the hundreds digit of k(18)?
1
Let j be (3 - 3) + 3 + 1. Suppose 0 = -h + b + 7, -3 - 5 = h - j*b. Suppose m + h = 4*m. What is the units digit of m?
4
Let l = -14 + -5. Let w = -21 - l. Let g(m) = -13*m - 2. What is the tens digit of g(w)?
2
Suppose -3652*h = -3655*h + 14046. What is the units digit of h?
2
Let y be (-62)/(-15) - (-1)/45*-6. Suppose 699 = y*h + 223. What is the tens digit of h?
1
Let j be 0/(6/(-2)) + -3. Let d = j + 8. What is the units digit of (-2 + 14)*d/15?
4
Let l = -7 - -9. Suppose -t + 3*w = -0*w - l, -5*t + 10 = w. What is the units digit of t?
2
Let s(f) = -7*f**2 + 3*f - 2. Let m(c) = 15*c**2 - 5*c + 5. Let w(v) = 6*m(v) + 13*s(v). Let t = -20 + 26. What is the units digit of w(t)?
2
Let i = -597 - -1009. What is the units digit of i?
2
Let g(l) = -14 + 0 + 3*l + 4*l - 5. Let m be g(-9). Let o = -59 - m. What is the tens digit of o?
2
Let j(c) = -c**3 + 5*c**2 + 4*c + 7. Let a be j(6). Let n be (-27)/a*(3 - -2). Let y = n - -9. What is the tens digit of y?
3
Let f(h) = 2*h + 13. Let c be f(-6). Let q(j) = j**3 - 2*j**2. Let r be q(c). What is the tens digit of (r/2)/(7/(-560))?
4
Let x = 241 + -97. What is the tens digit of x?
4
Let k(p) = 3*p + 24. Let g(h) = h + 1. Let s be g(-1). What is the units digit of k(s)?
4
Let b(o) be the first derivative of 23*o**3/3 + o**2 - o + 19. What is the units digit of b(2)?
5
Let x = 11 + -8. Suppose -x*s = -4*y - 177, -y + 67 = s - 5*y. What is the units digit of s?
5
Suppose 4*b - 3*w + 33 = 0, w + 2*w - 9 